 Let t be b(-2). Let m = t - -27. Suppose c = -m*c + 2036. Is c prime?
True
Let j(t) = t**2 - 4*t - 17. Let x be j(6). Is 238 - 15/x - 4 a composite number?
True
Let v(t) = -43*t + 488. Is v(-29) prime?
False
Let i(x) = 3*x**2 - 66*x - 314. Is i(-39) a composite number?
False
Suppose -5*b = 45 + 5. Let t(h) be the third derivative of -h**4/3 - h**3/6 - 3*h**2. Is t(b) a prime number?
True
Let m(t) = 6*t**3 + 6*t**2 - t - 12. Is m(11) a composite number?
False
Let u = -432 + 190. Let k = u - -77. Is 2 - 2 - (-1 + k) a prime number?
False
Suppose 3*j = -2*i - 2709 + 40128, 0 = -i. Is j composite?
False
Let d(q) = q**3 - q**2 + 4*q + 4. Let j be d(0). Suppose j*f - 2*f = 1490. Is f a composite number?
True
Let y(c) = 2*c**3 + 6*c**2 - c - 7. Let v be y(5). Suppose -n = -5*n - 20. Let o = v - n. Is o composite?
True
Let s(q) = -2*q**3 + 9*q**2 + 6*q - 3. Let t be s(5). Suppose -4*y - 2*w = -11740, 0*y = t*y - w - 5862. Is y a composite number?
True
Suppose -5*z = -0*f - f + 14, 2*z + 2*f = -8. Is 1/1*z/9*-573 a composite number?
False
Suppose y = 3*t + 85, 5*t - t = 2*y - 162. Is y/(8/(-12) + 1) a composite number?
True
Let f be (-2)/(-9) + (-380664)/(-162). Suppose -r - 4*d + 1181 = 0, 2*r - f = 4*d - 8*d. Is r a prime number?
False
Let w = -4208 + 6169. Is w composite?
True
Suppose -5*v - 2*z = -25306, 0 = -5*v + 3*z + 28686 - 3370. Is v prime?
False
Suppose -6*n + n + 2067 = -2*h, -4*h = 4. Is n a prime number?
False
Suppose 2*m + 2*m = -7500. Let y = 433 - m. Let u = -1521 + y. Is u prime?
True
Let x = -2312 - -5475. Is x composite?
False
Is (9 - (-39074)/7)/1 a composite number?
False
Let b(g) = -3907*g - 19. Is b(-2) a composite number?
True
Let g be (-1846)/2*(-2 - -3). Let m = 1560 + g. Let a = m - 400. Is a a prime number?
False
Suppose 76*n - 50*n = 181532. Is n composite?
True
Suppose s - 2893 = -0*l - 4*l, 2863 = 4*l - 5*s. Let q = 70 + -67. Suppose -l = -q*h + 679. Is h composite?
False
Suppose -5*z = -m - 10, 2*z + 14 = 2*m + 2*m. Suppose 0 = q - z*q + 8. Suppose 5*n - 2*p - 3*p - 1525 = 0, q*n = 3*p + 1220. Is n a prime number?
False
Suppose 5*f - 7 = -2. Let n be (f - (-3)/(-1)) + 61. Let o = n + -24. Is o a prime number?
False
Let p(l) = 86*l + 1. Let a(k) = 6 + 3*k + 4 - 4*k. Let j be a(5). Is p(j) a prime number?
True
Suppose 668 + 2688 = 4*m. Is m a composite number?
False
Let g = -56 - -58. Suppose -q = -2*t - 401, g*q - 830 = t - 4*t. Is q a prime number?
True
Let c(r) = 57*r**3 - r**2 + 14*r + 1. Let j be c(7). Let f = j - 10362. Is f prime?
True
Let n(m) = m**2 + 2*m + 2. Let g be n(-3). Suppose 2*x + 2*u = 4, 26 = g*x - 5*u - 4. Suppose -5*k + x*k = -3*w - 37, -4*w + 148 = 4*k. Is k composite?
False
Suppose -3*w + 8 = 2. Let j be (-8)/(-16) - (-167)/w. Suppose 2*x - 466 = -j. Is x a composite number?
False
Suppose 8*n + n - 40923 = 0. Is n composite?
False
Let g(q) = -q**2 - 13*q - 15. Let v be g(-12). Let d(r) = -13*r**3 - 4*r**2 - r - 1. Is d(v) a prime number?
True
Suppose -o - i = 2*i - 377, 0 = -5*o - 5*i + 1885. Is o prime?
False
Let g(o) = 2818*o**2 - 3*o + 4. Is g(1) composite?
False
Let s(r) = -128*r - 32. Let k be s(-20). Suppose 0 = -a - 1 + 3, 2*a = -4*b + k. Is b a prime number?
True
Suppose -3*b - 4662 = 3*p, b - p = -b - 3099. Let g = b - -2722. Is g prime?
True
Let w be ((-8)/(-10))/(8/20). Suppose w*m = -2, -2*m + 4*m = -3*y - 413. Let h = -48 - y. Is h composite?
False
Let b = -4277 + 6031. Is b a prime number?
False
Suppose 4*w - 5*q = 30518, -2*q = -3*w + w + 15258. Is w prime?
False
Suppose -6*x + 43873 = -98765. Is x a composite number?
False
Let l = 27165 - 7876. Is l composite?
False
Let s = -8 + 13. Suppose -s*m + 2753 = 1003. Suppose -3*u + 157 = -m. Is u prime?
False
Let k(f) = 105*f**2 - 6*f - 13. Let q = 64 - 70. Is k(q) a prime number?
True
Suppose 3*l - 3*o + 13 - 40 = 0, 3*o + 15 = l. Suppose 2*w + w - l = 0, n - 555 = -w. Is n prime?
False
Let g(i) = -13*i. Let x be g(-1). Let p(d) = -2*d + 2. Let y be p(4). Let v = x - y. Is v prime?
True
Let p(d) = -2*d + 1. Let y be p(-4). Let v(l) = l**2 + 5*l - 18. Let u be v(5). Let m = u - y. Is m composite?
False
Let j be ((-114)/4 - 1)/((-13)/26). Let u = 610 + j. Is u composite?
True
Let a(x) = 58*x**2 - 4*x + 16. Let u be a(-16). Is u/42 + (-3)/7 a prime number?
False
Let y = 12520 - -1638. Is y prime?
False
Suppose 2*n - 2*c - 368 - 498 = 0, 15 = -5*c. Let b = 16 + n. Suppose 2*z = 4*z - b. Is z prime?
True
Suppose 0 = -s + 1 - 2, 4*d - 2*s = 8534. Let i = -662 + d. Is i composite?
False
Let j(s) = -4*s**3 + 33*s**2 + 10*s + 1. Is j(-18) a prime number?
False
Let q = -38 + 36. Is -2 - q/((-10)/(-17765)) prime?
False
Let j(p) = 2*p**2 - 2*p + 1. Let h = -38 - -19. Let d = h + 27. Is j(d) prime?
True
Suppose 0 = 2*y + 3*y + 25, -2*y = -c + 69. Suppose 6*z - 8 = 2*z. Is 2/4*c*z a composite number?
False
Let b(n) = 11*n**3 - 6*n**2 - 16*n + 54. Is b(13) composite?
True
Let u(s) = 2*s**2 - 2*s. Let k be u(2). Let o be (-24)/k + (1 - 1). Is 4/(-6) + (-1150)/o prime?
True
Let i = 4066 + -983. Is i a composite number?
False
Let d be -4 - (6 + -2)/(-1). Suppose -1 = f - 2, 2*h = 5*f - 1. Suppose -h*s + 808 + 766 = d. Is s composite?
False
Suppose 4*s + 0*s - 9040 = 0. Suppose h + 3*h - s = 0. Is h a prime number?
False
Suppose 2*g - 2342 = 2*y, 3*g + 2*y - 3517 = 3*y. Suppose -3*r = 3*d + g, 0*r - 779 = 2*r - d. Let x = r + 589. Is x composite?
False
Suppose -4*g + 3*g = 0. Let d be g*(10/(-8) + 1). Suppose d*n + 4*n = 316. Is n a composite number?
False
Let u be (0/3)/2 - -10. Suppose -47265 = -u*k - 6435. Is k composite?
True
Let h = 488 - 256. Let j be ((-9)/1)/((-12)/h). Is -1 - (-3)/(9/j) composite?
True
Let l(w) = w**2 - 3*w + 2. Let g be l(3). Suppose 5*v = 2*p + 18, -5*p - v = -g*v - 1. Is -8 - -9 - (p + -121) composite?
True
Suppose 2*c - 4*z - 3386 = 512, 7811 = 4*c - 5*z. Is c composite?
True
Suppose -4*j = 3*y - 0*j - 32, j - 5 = 0. Suppose y*n = 9*n. Suppose n = -0*b + 3*b - 63. Is b a prime number?
False
Let a(w) = 7*w**3 - 38*w**2 - 6*w + 16. Is a(9) a prime number?
True
Let h(s) = -5*s - 1. Let q be h(-1). Let w be q/22 - 32/176. Suppose d - 2*l - 713 = -0*d, w = -4*l + 12. Is d composite?
False
Suppose 0 = -h - 2*h + 22437. Suppose 6*t = h - 117. Is t composite?
True
Suppose -130 - 236 = -3*o. Suppose -o = 3*q - 4*q. Is q composite?
True
Let x = -120 - -225. Is (-8)/24*(0 - x) composite?
True
Suppose -a + 6*a = 20. Suppose a*c - 335 = -z, 4*z - 226 - 1214 = 4*c. Is z prime?
False
Suppose 5*w - 20997 = -4952. Is w a prime number?
True
Is (-7 + 6)/((-2)/3946) a prime number?
True
Let a be (3 + 18/(-4))*-2. Suppose 3*n = -4*o + 1336, -2*o + a*n - 121 + 807 = 0. Is o prime?
True
Let h be 7 - 1 - (-22 - -23). Suppose 0 = 5*r - h*i - 28910, 3*r - 4*i - 14092 = 3259. Is r a prime number?
False
Let o(t) = -4*t**2 + 8*t - 2. Let k be o(7). Let l = k + 605. Is l prime?
True
Is (-7 + 0 + 0)*-599 prime?
False
Suppose 5*x - 21 = 3*f, x + 5 = f + 10. Suppose 5*s - 248 = x*p, p - 195 = -4*s - 0*p. Is s a composite number?
True
Suppose -62072 = -15*z - 5267. Is z composite?
True
Let r(u) = -18*u + 181. Is r(-25) prime?
True
Suppose 71*l = 66*l + 39485. Is l a composite number?
True
Suppose 0 = 3*b + 599 - 6362. Is b a composite number?
True
Let r(u) = -4737*u + 239. Is r(-16) a prime number?
True
Suppose 8*j + 4910 = -19066. Let o = 4394 + j. Is o a composite number?
True
Suppose 0 = -13*i + 5*i + 119512. Is i prime?
True
Suppose -2*n = -2*o + n + 3903, o + 2*n = 1969. Is o a prime number?
False
Let m(r) = -7*r**3 - 2*r**2 - r - 1. Suppose 0*l - 2*l = -10. Suppose 2*s = l*h + 3*s + 19, -4*h = 2*s + 14. Is m(h) composite?
False
Let d be 2/7 + 68/7. Let q = 59 - d. Is q composite?
True
Let d(o) = -2533*o - 31. Is d(-5) composite?
True
Let o(k) = -202*k - 1. Let u(s) = 1 - 35*s - 2 - 66*s. Let p(l) = 4*o(l) - 7*u(l). Is p(-4) a composite number?
True
Let t = 27 - 35. Let u(m) = 17*m**2 + 10*m + 1. Is u(t) composite?
False
Suppose 4*b + 5*w - 49 = 116, 0 = -4*w - 12. Suppose 7*t - 2*t = b. Suppose t + 10 = i. Is i prime?
True
Let l(b) = 314*b - 3. Suppose 3*n = 5*d + 2, -4*n = -0*n - 2*d - 12. Suppose 9 + 7 = n*x. Is l(x) a composite number?
True
Is (-1)/(5 - 175602/35119) a composite number?
True
Suppose 0*g - 342 = 3*g. Let i = g + 237. Is i composit